q?
2
Let q = 1 - 0. Let h(y) = 42*y - 2. Let b be h(q). Suppose -2*w + b = 12. What is the units digit of w?
4
Let k = 271 + 3775. What is the thousands digit of k?
4
Suppose 10*d - 72 = 6*d. Suppose o - 2 - 25 = -4*g, -4*o + 2*g + d = 0. What is the units digit of o?
7
Let h be 30/(-18) + (-2)/6. Let m be h*(12/2 - 3). What is the units digit of 12/18*m/(-4)?
1
Let f(w) be the third derivative of w**7/1680 - w**6/180 + 3*w**5/20 - 5*w**2. Let v(o) be the third derivative of f(o). What is the units digit of v(9)?
3
Suppose -3*j - 10910 = -7*j - 2*k, 7*j - 4*k - 19085 = 0. What is the tens digit of j?
2
Let r(f) = -2*f + 2. Let c be r(11). Let n = 46 + c. What is the tens digit of n?
2
Let g(y) = 18*y**3 + 2*y**2 - 2*y. Suppose 0 = -5*x - 19 + 24. What is the units digit of g(x)?
8
Let w = 36 + -24. Let f(u) = 9*u - 25. What is the tens digit of f(w)?
8
Let j(c) = 14*c**2 + c. Let q be j(1). What is the tens digit of 0 - -1 - (-1380)/q?
9
Suppose -5*k - 1799 = 4*w, -403 + 2230 = -5*k + 3*w. Let f = -205 - k. What is the hundreds digit of f?
1
Suppose -4*b = 4*r - 28, -9*r + 4*r + b = -23. Suppose -r*j + 275 = -5*x + 35, 139 = 3*j - 4*x. What is the units digit of j?
3
Let b(i) = 53*i**3 - 3*i**2 + 10*i - 16. What is the hundreds digit of b(4)?
3
Let s(f) be the first derivative of -f**3/3 - 2*f**2 - 11*f + 4. Let v be s(-8). Let m = 74 + v. What is the units digit of m?
1
Suppose -4*i + 16 = 3*m - 2*i, 4*m - i = 25. Let c be (40/m)/((-2)/(-3)). Suppose -p = -7 - c. What is the tens digit of p?
1
Suppose 0 = -5*a - 6*a + 1562. What is the units digit of a?
2
Suppose -6*w = -4*r - 2*w + 24, r = 3*w + 10. Suppose -3*t = 2*o + 106 - 277, -r*o - 3*t = -351. What is the tens digit of o?
9
Let v(i) = 82*i + 9. Let t(r) = 82*r + 8. Let y(n) = -3*t(n) + 2*v(n). What is the units digit of y(-2)?
8
Let r be 4/14 - 164/(-14). Let i(y) be the third derivative of -y**5/60 + 2*y**4/3 - 8*y**3/3 - 11*y**2. What is the units digit of i(r)?
2
Let t(x) = x**2 - 13*x - 22. Let s(k) = 2*k**2 - 26*k - 43. Let j(c) = 4*s(c) - 7*t(c). Let b be j(13). What is the tens digit of (b/8)/((-2)/16)?
1
What is the hundreds digit of (242 - -3)*(-80)/(-100)?
1
Let x(z) = -z**2 - 9*z + 21. Let r be x(-11). Let k(i) = -117*i + 1. What is the units digit of k(r)?
8
Let v be (4/3)/((-1)/147). Let w = -138 - v. What is the units digit of w?
8
Let z = 31 - 32. What is the units digit of -1 + (z - (-116)/2)?
6
Let v(j) = -9 + j**2 + 6*j**2 - 5*j - j**2 - 4*j**2. What is the tens digit of v(5)?
1
Suppose -3*u + 4*i + 5 = 0, 3*u - 6 = 2*i + i. Suppose l - 2*r = 3, -4*l - u*r - 3 = -8*r. Let z = l - -52. What is the tens digit of z?
4
Let x be (-3751)/186 + (5/(-6))/(-5). Let g be (-2)/(-9) + 74/(-9). What is the units digit of 122/5 - g/x?
4
Suppose 0 = -6*q + 4*q. Suppose t + 17 - 59 = q. What is the tens digit of t?
4
Let o(r) = 4*r**2 - 2*r + 16. Let t be o(-5). Suppose v - 28 = t. What is the hundreds digit of v?
1
Let f(z) = 26*z - 2 - 24*z - 2 + 2. Let g be f(2). Suppose -g*n = 3*v + 2*n - 120, 2*n = 4*v - 160. What is the tens digit of v?
4
Let c(g) = 54*g - 322. What is the hundreds digit of c(15)?
4
Let z = 736 + -517. Suppose -3*o - z = -645. What is the units digit of o?
2
Let d = 12 + -7. Let l = d - 3. Suppose 29 + 9 = l*c. What is the units digit of c?
9
What is the hundreds digit of (-10 - 0)*1192/(-16)?
7
What is the units digit of (1 - (6 + 2)) + 73?
6
What is the units digit of ((-5772)/(-10))/(24/80)?
4
What is the thousands digit of 6 - 12/(-24)*(10822 + -2)?
5
Suppose 6 = 2*f, -r - 2*f + 29 = -160. What is the tens digit of r?
8
Let x(g) = -7*g + 19. Let m(k) = k**3 - 4*k**2 - 2*k + 1. Let s be m(4). What is the units digit of x(s)?
8
Suppose 5*s - 23890 = 5*j - 10*j, -j + 4798 = -3*s. What is the units digit of j?
3
Let m(a) = -7*a**2 - a. Suppose 0 = -2*q + 8, 5*b + 2*q - 2 = 1. Let l be m(b). Let t = 8 + l. What is the units digit of t?
2
Suppose 3*g - 2*g - 2 = 0. Suppose 0 = -4*f + 3*f - 5*i + 112, -5*f = -g*i - 614. Let s = f + -57. What is the tens digit of s?
6
Let n be (221/(-39))/((-2)/66). Let p be (n - -17)*1/2. Suppose p = 3*i - 84. What is the tens digit of i?
6
Suppose 21*r = 2572 + 452. What is the units digit of r?
4
Let c(r) = -2*r**2 - 9*r + 937. What is the hundreds digit of c(0)?
9
Let j(l) = 12*l**2 - 3*l - 11. What is the hundreds digit of j(15)?
6
Let p = 1282 - 164. What is the units digit of p?
8
Suppose 0 = 2*u - 886 + 298. What is the hundreds digit of u?
2
What is the hundreds digit of 1685/11 - (-4)/(-22)?
1
Suppose 9 = -4*n + 73. Let j = n - 14. Suppose 2*t + j*v = 26, -t - 2*v - 16 = -2*t. What is the tens digit of t?
1
Let v be (-4)/12*-3*17. Let i = v - 12. Suppose -g = i*g - 84. What is the units digit of g?
4
Let b be 21/12 + (-3)/(-12). Suppose l - 4 = -3*j - j, b = -j - l. Suppose j*x - 4*x = -p + 7, -5*p + 8 = -x. What is the units digit of p?
1
Suppose 812 = s + 3*s. Let j = s - 107. What is the units digit of j?
6
Suppose -c - 3 = 2*c. Let l be (5 + -3)/(1 - c). What is the tens digit of -17*1/(-1)*l?
1
What is the hundreds digit of 4/(-30) - 138620/(-150)?
9
What is the tens digit of 2*45/(-36)*(-746)/5?
7
Let n(j) = -3*j + 2*j**2 - 22 - 4 + 2*j. What is the units digit of n(-8)?
0
Let u(w) = 40*w**2 + 2*w - 5. Let f be u(3). Suppose 3*z + 2*o - f = -0*z, -4*z = -4*o - 488. What is the tens digit of z?
2
Suppose p - 23 = -2*s, 69*p - 72*p = -5*s + 74. Let z be (-1 - 1)*(-15)/6. Suppose w - 58 + s = -4*v, 225 = z*w + 2*v. What is the units digit of w?
5
Suppose 2 = k + 19. Let h = -13 - k. What is the units digit of (37 - -1) + -3 - h?
1
Suppose 4*k + 0*n - 381 = n, -5*k + 478 = -3*n. Let d be (64/(-6))/(6/36). Let b = k + d. What is the tens digit of b?
3
Let w(z) = z**2 + z + 11. Let a be w(7). Suppose a = f - 5*r, -r - 3*r = -5*f + 293. What is the tens digit of f?
5
Suppose 3*u - 90 = -3*w, -2*w - 5*u + 4*u = -56. Let a = 229 + w. Suppose 2*i - a = -3*i. What is the units digit of i?
1
Let w = -991 - -1682. What is the hundreds digit of w?
6
Suppose 4*w + 16 = 0, -2*h + 5*w = 3*w - 1118. What is the units digit of h?
5
Suppose -100*r + 76*r = -4272. What is the units digit of r?
8
Let z = -1154 - -1790. What is the tens digit of z?
3
Suppose 3*g + 2*j - 5*j + 54 = 0, 0 = 5*g - 2*j + 81. Let n = g + 17. Suppose n*y - 12 = -2*r, 4*r = -0*y - 2*y + 18. What is the units digit of y?
3
Let d(o) = 1392*o**3 + o**2 - 4*o + 2. What is the hundreds digit of d(1)?
3
Let q = 0 + -2. Let i(t) = -49*t - 5. What is the tens digit of i(q)?
9
Let n = -25 + 28. Suppose 2*l - 53 = -n*s, 78 = 3*l - 5*s - 30. What is the units digit of l?
1
Let i(t) = 54*t - 182. What is the tens digit of i(7)?
9
Let y = -22 - -10. Let l = y - -26. Suppose -l - 94 = -3*s. What is the units digit of s?
6
What is the units digit of (-3)/5 - ((-146)/(-10))/(-1)?
4
Let q(v) = 41*v**2 - 26*v. What is the hundreds digit of q(4)?
5
Let c(n) = 44*n - 43*n + 1 - n**2 + 3*n**3 - n**3. Let p be c(-1). What is the units digit of (34 - 6/p) + -2?
4
Let t = -9 - -11. Let n be t/4 - (-55)/(-10). Let r = n + 16. What is the units digit of r?
1
Let i be (1 - 1)/(-2*1). Suppose 154*n = 153*n + 6. Suppose -n*x + x + 10 = i. What is the units digit of x?
2
Let y = 91 - -174. Suppose 0 = -2*f + 117 + y. What is the tens digit of f?
9
Let u = -3230 + 5753. What is the units digit of u?
3
Let n = 359 + -251. Let j = n - 21. What is the units digit of j?
7
Suppose -8*k = 5*k - 1170. What is the hundreds digit of 2 - (80/(-25))/(2/k)?
1
Suppose 5*y + 5*m = -50, y + 4*y + 2*m + 44 = 0. Let n = -4 - y. Suppose -5*x = -n*z + 97, -5*z + 58 = x - 56. What is the tens digit of z?
2
Let x(u) = 236*u**2 + 3*u + 1. Let b be x(-1). Suppose b - 654 = -7*r. What is the tens digit of r?
6
Let o be (-173 - 1)/(-3)*1. Let m = o + -33. What is the units digit of m?
5
Let p(l) = 29*l**2 - 3*l. Let y be p(2). Let s = -18 + y. What is the units digit of s?
2
Let q(r) be the first derivative of r**5/20 - r**4/12 - 5*r**3/6 + 2*r**2 - 5*r + 4. Let h(o) be the first derivative of q(o). What is the units digit of h(3)?
7
Let z(v) = 33*v**2 - 8*v - 10. What is the units digit of z(-5)?
5
Suppose 5*u - 3*v = 170, 2*u - 26 = u - v. Suppose 0 = 2*z - 5*r - 34 + 7, 3*z + 2*r - u = 0. What is the tens digi